{"id":77,"date":"2012-12-27T13:51:10","date_gmt":"2012-12-27T12:51:10","guid":{"rendered":"http:\/\/weimarersv.de\/wordpress\/?page_id=77"},"modified":"2021-01-06T06:41:43","modified_gmt":"2021-01-06T05:41:43","slug":"wandern","status":"publish","type":"page","link":"https:\/\/weimarersv.de\/wordpress\/index.php\/wandern\/","title":{"rendered":"Abteilung Wandern"},"content":{"rendered":"<p>Nach einem Jahreswanderplan wird monatlich 1x am Wochenende und 1x mittwochs eine&nbsp; ca. 15 km Tour auf kulturhistorischen &amp; geschichtlichen Spuren in Th\u00fcringen gewandert.<\/p>\n<p>Thema 2021: \u201eRuinen und W\u00fcstungen in Th\u00fcringen\u201c <a title=\"Zum Wanderplan 2021\" href=\"https:\/\/weimarersv.de\/wordpress\/index.php\/wanderplan-2021\/\">Wanderplan<\/a><\/p>\n<p>Wanderpl\u00e4ne vergangener Jahre:<\/p>\n<p><a title=\"Zum Wanderplan 2011 - Thema: Alte Residenzst\u00e4dte in Th\u00fcringen\" href=\"https:\/\/weimarersv.de\/pdf\/WP2011.pdf\" target=\"_blank\" rel=\"noopener noreferrer\">2011<\/a> &#8211; <a title=\"Zum Wanderplan 2012 - Thema: Burgen und Schl\u00f6sser\" href=\"https:\/\/weimarersv.de\/pdf\/WP2012.pdf\" target=\"_blank\" rel=\"noopener noreferrer\">2012<\/a> &#8211; <a title=\"Zum Wanderplan 2013 - Thema: Am Fu\u00df des Th\u00fcringer Waldes\" href=\"https:\/\/weimarersv.de\/pdf\/WP2013.pdf\" target=\"_blank\" rel=\"noopener noreferrer\">2013<\/a> &#8211; <a title=\"Zum Wanderplan 2014 - Thema: Im Saaleland und Holzland\" href=\"https:\/\/weimarersv.de\/pdf\/WP2014.pdf\" target=\"_blank\" rel=\"noopener noreferrer\">2014<\/a> &#8211; <a title=\"Zum Wanderplan 2015 - Thema: Wanderungen in Nordth\u00fcringen\" href=\"https:\/\/weimarersv.de\/pdf\/WP2015.pdf\" target=\"_blank\" rel=\"noopener noreferrer\">2015<\/a> &#8211; <a title=\"Zum Wanderplan 2016 - Thema: 500 Jahre Reinheitsgebot Bier\" href=\"https:\/\/weimarersv.de\/pdf\/WP2016.pdf\" target=\"_blank\" rel=\"noopener noreferrer\">2016<\/a> &#8211; <a title=\"Zum Wanderplan 2017 - Thema: Flusslanschaften\" href=\"https:\/\/weimarersv.de\/pdf\/WP2017.pdf\" target=\"_blank\" rel=\"noopener noreferrer\">2017<\/a> &#8211; <a title=\"Zum Wanderplan 2018 - Thema: Wehrhaftes Th\u00fcringen\" href=\"https:\/\/weimarersv.de\/pdf\/WP2018.pdf\" target=\"_blank\" rel=\"noopener noreferrer\">2018<\/a> &#8211; <a title=\"Zum Wanderplan 2019 - Thema: Geheimnisvolles Th\u00fcringen\" href=\"https:\/\/weimarersv.de\/pdf\/WP2019.pdf\" target=\"_blank\" rel=\"noopener noreferrer\">2019<\/a> &#8211; <a title=\"Zum Wanderplan 2020 - Thema: Burgen und Schl\u00f6sser\" href=\"https:\/\/weimarersv.de\/pdf\/WP2020.pdf\" target=\"_blank\" rel=\"noopener noreferrer\">2020<\/a><\/p>\n<p style=\"text-align: left;\">Die Abteilung betreibt auch eine <a title=\"Zur Wanderh\u00fctte\" href=\"https:\/\/weimarersv.de\/wordpress\/index.php\/wanderhuette\/\">Wanderh\u00fctte<\/a> in Schmiedefeld\/R. mit \u00dcbernachtungsm\u00f6glichkeiten f\u00fcr 17 Personen.<\/p>\n","protected":false},"excerpt":{"rendered":"<p>Nach einem Jahreswanderplan wird monatlich 1x am Wochenende und 1x mittwochs eine&nbsp; ca. 15 km Tour auf kulturhistorischen &amp; geschichtlichen Spuren in Th\u00fcringen gewandert. Thema 2021: \u201eRuinen und W\u00fcstungen in Th\u00fcringen\u201c Wanderplan Wanderpl\u00e4ne vergangener Jahre: 2011 &#8211; 2012 &#8211; 2013 &hellip; <a href=\"https:\/\/weimarersv.de\/wordpress\/index.php\/wandern\/\">Weiterlesen <span class=\"meta-nav\">&rarr;<\/span><\/a><\/p>\n","protected":false},"author":1,"featured_media":0,"parent":0,"menu_order":0,"comment_status":"closed","ping_status":"open","template":"","meta":{"ngg_post_thumbnail":0,"footnotes":""},"class_list":["post-77","page","type-page","status-publish","hentry"],"_links":{"self":[{"href":"https:\/\/weimarersv.de\/wordpress\/index.php\/wp-json\/wp\/v2\/pages\/77","targetHints":{"allow":["GET"]}}],"collection":[{"href":"https:\/\/weimarersv.de\/wordpress\/index.php\/wp-json\/wp\/v2\/pages"}],"about":[{"href":"https:\/\/weimarersv.de\/wordpress\/index.php\/wp-json\/wp\/v2\/types\/page"}],"author":[{"embeddable":true,"href":"https:\/\/weimarersv.de\/wordpress\/index.php\/wp-json\/wp\/v2\/users\/1"}],"replies":[{"embeddable":true,"href":"https:\/\/weimarersv.de\/wordpress\/index.php\/wp-json\/wp\/v2\/comments?post=77"}],"version-history":[{"count":50,"href":"https:\/\/weimarersv.de\/wordpress\/index.php\/wp-json\/wp\/v2\/pages\/77\/revisions"}],"predecessor-version":[{"id":759,"href":"https:\/\/weimarersv.de\/wordpress\/index.php\/wp-json\/wp\/v2\/pages\/77\/revisions\/759"}],"wp:attachment":[{"href":"https:\/\/weimarersv.de\/wordpress\/index.php\/wp-json\/wp\/v2\/media?parent=77"}],"curies":[{"name":"wp","href":"https:\/\/api.w.org\/{rel}","templated":true}]}}

<p>Nach einem Jahreswanderplan wird monatlich 1x am Wochenende und 1x mittwochs eine&nbsp; ca. 15 km Tour auf kulturhistorischen &amp; geschichtlichen Spuren in Thüringen gewandert.</p>
<p>Thema 2021: „Ruinen und Wüstungen in Thüringen“ <a title="Zum Wanderplan 2021" href="https://weimarersv.de/wordpress/index.php/wanderplan-2021/">Wanderplan</a></p>
<p>Wanderpläne vergangener Jahre:</p>
<p><a title="Zum Wanderplan 2011 - Thema: Alte Residenzstädte in Thüringen" href="https://weimarersv.de/pdf/WP2011.pdf" target="_blank" rel="noopener noreferrer">2011</a> &#8211; <a title="Zum Wanderplan 2012 - Thema: Burgen und Schlösser" href="https://weimarersv.de/pdf/WP2012.pdf" target="_blank" rel="noopener noreferrer">2012</a> &#8211; <a title="Zum Wanderplan 2013 - Thema: Am Fuß des Thüringer Waldes" href="https://weimarersv.de/pdf/WP2013.pdf" target="_blank" rel="noopener noreferrer">2013</a> &#8211; <a title="Zum Wanderplan 2014 - Thema: Im Saaleland und Holzland" href="https://weimarersv.de/pdf/WP2014.pdf" target="_blank" rel="noopener noreferrer">2014</a> &#8211; <a title="Zum Wanderplan 2015 - Thema: Wanderungen in Nordthüringen" href="https://weimarersv.de/pdf/WP2015.pdf" target="_blank" rel="noopener noreferrer">2015</a> &#8211; <a title="Zum Wanderplan 2016 - Thema: 500 Jahre Reinheitsgebot Bier" href="https://weimarersv.de/pdf/WP2016.pdf" target="_blank" rel="noopener noreferrer">2016</a> &#8211; <a title="Zum Wanderplan 2017 - Thema: Flusslanschaften" href="https://weimarersv.de/pdf/WP2017.pdf" target="_blank" rel="noopener noreferrer">2017</a> &#8211; <a title="Zum Wanderplan 2018 - Thema: Wehrhaftes Thüringen" href="https://weimarersv.de/pdf/WP2018.pdf" target="_blank" rel="noopener noreferrer">2018</a> &#8211; <a title="Zum Wanderplan 2019 - Thema: Geheimnisvolles Thüringen" href="https://weimarersv.de/pdf/WP2019.pdf" target="_blank" rel="noopener noreferrer">2019</a> &#8211; <a title="Zum Wanderplan 2020 - Thema: Burgen und Schlösser" href="https://weimarersv.de/pdf/WP2020.pdf" target="_blank" rel="noopener noreferrer">2020</a></p>
<p style="text-align: left;">Die Abteilung betreibt auch eine <a title="Zur Wanderhütte" href="https://weimarersv.de/wordpress/index.php/wanderhuette/">Wanderhütte</a> in Schmiedefeld/R. mit Übernachtungsmöglichkeiten für 17 Personen.</p>

<p>Nach einem Jahreswanderplan wird monatlich 1x am Wochenende und 1x mittwochs eine&nbsp; ca. 15 km Tour auf kulturhistorischen &amp; geschichtlichen Spuren in Thüringen gewandert. Thema 2021: „Ruinen und Wüstungen in Thüringen“ Wanderplan Wanderpläne vergangener Jahre: 2011 &#8211; 2012 &#8211; 2013 &hellip; <a href="https://weimarersv.de/wordpress/index.php/wandern/">Weiterlesen <span class="meta-nav">&rarr;</span></a></p>
